te number?
False
Is 2122619 a composite number?
False
Is 346565 a prime number?
False
Is 177533 a composite number?
False
Is 194531 composite?
True
Is 10007 a prime number?
True
Is 34483 a prime number?
True
Is 983101 a prime number?
False
Is 475991 a prime number?
True
Is 44819 a composite number?
False
Is 89731 a composite number?
True
Is 1294 a prime number?
False
Is 58831 prime?
True
Is 104087 a composite number?
False
Is 8287 composite?
False
Is 8611 prime?
False
Is 15409 prime?
False
Is 594157 a prime number?
True
Is 321 a composite number?
True
Is 756799 a prime number?
True
Is 188401 a composite number?
False
Is 3719 prime?
True
Is 15101 composite?
False
Is 505229 a prime number?
False
Is 13283 composite?
True
Is 6113 prime?
True
Is 7737 a prime number?
False
Is 23726 composite?
True
Is 255419 a composite number?
False
Is 3921 a composite number?
True
Is 1816643 prime?
True
Is 27037 prime?
False
Is 2161 composite?
False
Is 2374633 a prime number?
True
Is 1291 a prime number?
True
Is 6559 a prime number?
False
Is 3820207 a prime number?
False
Is 84299 composite?
False
Is 34211 composite?
False
Is 48857 prime?
True
Is 8657 composite?
True
Is 1819 a prime number?
False
Is 1600899 prime?
False
Is 18293 prime?
False
Is 88373 a prime number?
False
Is 256781 prime?
False
Is 18013 a composite number?
False
Is 61619 a composite number?
True
Is 2221 composite?
False
Is 287 a composite number?
True
Is 947795 composite?
True
Is 217817 a composite number?
True
Is 158087 a prime number?
False
Is 15977 prime?
False
Is 8851 prime?
False
Is 32483 composite?
True
Is 1262 composite?
True
Is 683029 a composite number?
True
Is 272005 a composite number?
True
Is 96643 prime?
True
Is 10 a composite number?
True
Is 497881 composite?
True
Is 294629 composite?
False
Is 5981 composite?
False
Is 323 a prime number?
False
Is 251 a composite number?
False
Is 16669 composite?
True
Is 848839 prime?
True
Is 242387 composite?
True
Is 96661 a composite number?
False
Is 14383 a composite number?
True
Is 170737 composite?
True
Is 6481 a composite number?
False
Is 1511 a composite number?
False
Is 119359 a prime number?
True
Is 4034 composite?
True
Is 22921 a prime number?
True
Is 16869 a composite number?
True
Is 3099 composite?
True
Is 8621 prime?
False
Is 73517 a prime number?
True
Is 15685 a prime number?
False
Is 606981 composite?
True
Is 37763 a composite number?
True
Is 170603 prime?
True
Is 135389 composite?
False
Is 95869 a prime number?
True
Is 17401 composite?
False
Is 17403 a composite number?
True
Is 1116491 a prime number?
True
Is 510827 a prime number?
True
Is 108991 composite?
False
Is 58655 a prime number?
False
Is 1251265 a prime number?
False
Is 13703 prime?
False
Is 50287 a prime number?
True
Is 120209 composite?
False
Is 5297 prime?
True
Is 837327 composite?
True
Is 3497671 prime?
True
Is 934901 prime?
False
Is 13643 prime?
False
Is 207073 composite?
False
Is 202219 prime?
True
Is 65465 prime?
False
Is 268143 prime?
False
Is 25867 a composite number?
False
Is 334 a prime number?
False
Is 65371 a composite number?
False
Is 3981 a composite number?
True
Is 17657 prime?
True
Is 14395 prime?
False
Is 794831 prime?
True
Is 3989 prime?
True
Is 127991 prime?
False
Is 234431 prime?
True
Is 160051 prime?
False
Is 53987 prime?
True
Is 1439257 a composite number?
True
Is 2498569 a prime number?
False
Is 498559 composite?
True
Is 99563 a composite number?
False
Is 7508389 composite?
True
Is 1115627 composite?
False
Is 25349 a composite number?
False
Is 1465 a prime number?
False
Is 8923 a composite number?
False
Is 2333 composite?
False
Is 9029 composite?
False
Is 1327349 a prime number?
True
Is 381497 a composite number?
True
Is 3659 composite?
False
Is 122431 a prime number?
False
Is 64723 a prime number?
False
Is 1657 composite?
False
Is 221471 prime?
True
Is 37307 a composite number?
False
Is 5006 composite?
True
Is 10921 a composite number?
True
Is 75929 composite?
True
Is 11569 a prime number?
False
Is 160579 composite?
False
Is 4358 a prime number?
False
Is 118297 prime?
True
Is 10477 a composite number?
False
Is 51889 composite?
True
Is 349423 a composite number?
False
Is 30145 a composite number?
True
Is 12761 prime?
False
Is 478123 composite?
True
Is 12893 a prime number?
True
Is 5557 prime?
True
Is 1361 prime?
True
Is 1546115 prime?
False
Is 305258 prime?
False
Is 1727 composite?
True
Is 158113 composite?
False
Is 23437 a prime number?
False
Is 5054833 prime?
False
Is 3937 a prime number?
False
Is 2723 a composite number?
True
Is 834211 prime?
False
Is 111521 a composite number?
False
Is 10553 a composite number?
True
Is 222701 a prime number?
False
Is 56887 a composite number?
True
Is 42649 composite?
False
Is 103343 composite?
True
Is 13327 a composite number?
False
Is 105611 composite?
True
Is 2483 a prime number?
False
Is 2721417 prime?
False
Is 150485 a prime number?
False
Is 2335 a prime number?
False
Is 14143 a prime number?
True
Is 5989241 composite?
False
Is 445 a composite number?
True
Is 76047 a prime number?
False
Is 33457 composite?
False
Is 38431 a prime number?
True
Is 5603 composite?
True
Is 186763 composite?
False
Is 146239 a prime number?
True
Is 140533 composite?
False
Is 98179 prime?
True
Is 23477 composite?
True
Is 29009 a composite number?
False
Is 42083 composite?
False
Is 3806717 a composite number?
True
Is 18391 a composite number?
True
Is 12607 composite?
True
Is 298 prime?
False
Is 905143 composite?
False
Is 46077 prime?
False
Is 133435 a composite number?
True
Is 917437 composite?
True
Is 701 a composite number?
False
Is 15961 composite?
True
Is 14281 composite?
False
Is 49399 a composite number?
True
Is 322327 a prime number?
True
Is 4853 prime?
False
Is 1213 a composite number?
False
Is 150287 a prime number?
True
Is 1800919 a composite number?
True
Is 114467 prime?
True
Is 299201 prime?
False
Is 481339 prime?
False
Is 392201 composite?
False
Is 23703 a prime number?
False
Is 34097 composite?
True
Is 28513 a prime number?
True
Is 82001 a composite number?
True
Is 128813 a prime number?
True
Is 86363 composite?
True
Is 190977 prime?
False
Is 10399 a composite number?
False
Is 63359 prime?
False
Is 9647 a prime number?
False
Is 5261 composite?
False
Is 4969 a prime number?
True
Is 1497 prime?
False
Is 5639 a prime number?
True
Is 5987 prime?
True
Is 189547 composite?
False
Is 12791 a composite number?
False
Is 29473 a prime number?
True
Is 4699 a prime number?
False
Is 841541 a composite number?
False
Is 645167 a composite number?
True
Is 28463 prime?
True
Is 53081 a prime number?
False
Is 3106 a prime number?
False
Is 27155 prime?
False
Is 49699 prime?
False
Is 1202 prime?
False
Is 8887 composite?
False
Is 51787 a prime number?
True
Is 2231 a composite number?
True
Is 2761 prime?
False
Is 343249 prime?
False
Is 43867 a composite number?
False
Is 29897 a composite number?
True
Is 636997 a composite number?
False
Is 4703 a prime number?
True
Is 4835 composite?
True
Is 139463 a composite number?
True
Is 832187 composite?
True
Is 26909 a composite number?
True
Is 5137 a composite number?
True
Is 472174 a composite number?
True
Is 33377 prime?
True
Is 160249 composite?
True
Is 165013 a composite number?
True
Is 12781 a prime number?
True
Is 24773 a prime number?
False
Is 100267 composite?
False
Is 493 prime?
False
Is 781 prime?
False
Is 8545 composite?
True
Is 229511 a prime number?
False
Is 292313 a prime number?
False
Is 3989 prime?
True
Is 508135 a composite number?
True
Is 748003 prime?
True
Is 1989401 composite?
False
Is 13393 a prime number?
False
Is 41671 a composite number?
True
Is 3593 a prime number?
True
Is 640837 a prime number?
True
Is 9407 composite?
True
Is 10187 a composite number?
True
Is 301067 a prime number?
False
Is 394333 prime?
False
Is 424997 a prime number?
True
Is 1397 a prime number?
False
Is 17337 a composite number?
True
Is 2153 composite?
False
Is 3293 a composite number?
True
Is 36353 a composite number?
False
Is 1093577 a composite number?
False
Is 2624753 composite?
False
Is 28643 a composite number?
False
Is 60689 a composite number?
False
Is 394881 composite?
True
Is 53695 composite?
True
Is 55729 a prime number?
False
Is 27883 composite?
False
Is 25867 a prime number?
True
Is 744443 a comp